0202101 (base 3) to base 16
135b2
What is 115934 (base 10) in base 9?
186025
What is -3132132010 (base 4) in base 15?
-12eee1
What is 51433 (base 10) in base 2?
1100100011101001
Convert -11110001000011110 (base 2) to base 7.
-1022555
What is -39ec1 (base 15) in base 6?
-3551101
2022506 (base 7) to base 14
63bad
Convert 213210103 (base 4) to base 16.
27913
-11012020210 (base 4) to base 6
-44344244
Convert -12042314 (base 5) to base 2.
-11011011001010001
Convert -15511425 (base 6) to base 13.
-165098
What is -2c712e (base 16) in base 13?
-7ac90c
Convert -4344103311 (base 5) to base 13.
-1c2a915
What is -11021220121 (base 3) in base 14?
-22b19
What is -11101010001110101 (base 2) in base 4?
-131101311
Convert 401350115 (base 6) to base 2.
11001111010111011011111
Convert a29c5 (base 14) to base 4.
1133212201
-1002230032 (base 4) to base 13
-9744a
Convert 4102410 (base 8) to base 3.
2001000002111
What is -39b17e (base 15) in base 8?
-12444423
What is 10145416 (base 7) in base 11?
532035
What is 114550 (base 11) in base 15?
38c6b
Convert 42353b (base 12) to base 11.
652486
What is -100222222221 (base 3) in base 6?
-4115124
What is 2101202033 (base 4) in base 13?
17b439
Convert -330301031 (base 4) to base 14.
-669d3
Convert 6086113 (base 9) to base 7.
36405252
-5fcfa (base 16) to base 7
-3223101
What is 240381 (base 10) in base 15?
4b356
Convert 222157 (base 9) to base 6.
2502511
Convert 3540437 (base 10) to base 2.
1101100000010111010101
Convert 10189 (base 13) to base 14.
a723
What is -f5e8 (base 16) in base 2?
-1111010111101000
What is -125767 (base 13) in base 2?
-1101011100101011100
Convert 24451320 (base 6) to base 8.
2774040
What is -41168 (base 16) in base 6?
-5414132
Convert -11237561 (base 8) to base 11.
-1418018
Convert 1101100000001011 (base 2) to base 8.
154013
Convert c8415 (base 13) to base 5.
43023002
Convert -173a36 (base 13) to base 10.
-579546
321113 (base 15) to base 6
123024213
What is 203031241 (base 5) in base 4?
3022223310
What is -281295 (base 15) in base 10?
-1927715
What is 92aa (base 14) in base 7?
133403
-2034423 (base 6) to base 14
-27b1d
What is 6254462 (base 7) in base 13?
204a49
-1020102210110 (base 3) to base 14
-131bbb
-620454 (base 10) to base 4
-2113132212
-150040462 (base 7) to base 12
-33908b4
Convert -10202033 (base 4) to base 11.
-12a57
273559 (base 13) to base 4
3213330013
Convert 57490 (base 12) to base 11.
7a553
-550882 (base 9) to base 11
-205014
Convert 31d287 (base 14) to base 11.
a53300
Convert 1031232233 (base 4) to base 12.
1342bb
Convert -5a14b (base 14) to base 15.
-451c3
-3d7423 (base 14) to base 7
-24062243
What is 179cb3 (base 15) in base 13?
3120c3
Convert 1022011211000 (base 3) to base 5.
134124130
28888 (base 13) to base 5
4414122
-2230323303 (base 5) to base 12
-179a875
Convert 12340301 (base 7) to base 2.
100010001001100100110
Convert -7136332 (base 9) to base 5.
-1433202330
What is 112123413 (base 5) in base 7?
4201614
What is 61a013 (base 12) in base 8?
5656217
Convert 443357 (base 15) to base 6.
153402214
Convert 4bb4 (base 14) to base 16.
33ea
What is 1a393a7 (base 12) in base 15?
74a34d
Convert 41832 (base 10) to base 6.
521400
What is -1c5c31 (base 13) in base 9?
-1327324
-275b83 (base 15) to base 5
-441030343
Convert -1340433 (base 5) to base 6.
-331510
1186a83 (base 11) to base 2
111110110101100010011
-2401033 (base 7) to base 11
-197628
Convert 3530233 (base 7) to base 16.
6c793
Convert -5551314 (base 7) to base 5.
-133403121
What is -111101110101010 (base 2) in base 12?
-163a2
What is 2a1163 (base 12) in base 8?
2544633
Convert -142414 (base 8) to base 3.
-2120012022
Convert -1041100211 (base 5) to base 2.
-1000101101101110001111
What is b175a (base 12) in base 16?
385f6
24d758 (base 14) to base 16
135302
Convert 1241303311 (base 5) to base 16.
2ee14b
Convert c44d2a (base 14) to base 10.
6621114
Convert -31111003 (base 4) to base 13.
-1bb08
-343140 (base 14) to base 5
-423304440
What is 42531250 (base 6) in base 12?
506b26
What is -4566553 (base 7) in base 12?
-2367aa
What is -35365041 (base 7) in base 5?
-1300003240
What is -111001100101100001 (base 2) in base 13?
-83491
What is 333100443 (base 5) in base 15?
1db7b8
What is 2941096 (base 10) in base 8?
13160250
1062 (base 14) to base 4
230032
What is 1acb3 (base 13) in base 3?
2200022001
231321330 (base 4) to base 13
67779
What is 1751 (base 9) in base 8?
2476
Convert -9152 (base 10) to base 3.
-110112222
What is -269a9 (base 13) in base 6?
-1313100
What is 1385751 (base 9) in base 16?
bad96
Convert -561317 (base 8) to base 2.
-101110001011001111
What is 211000021001011 (base 3) in base 8?
54475304
-977 (base 16) to base 10
-2423
Convert 21ab30 (base 12) to base 9.
1008030
What is 20445240 (base 7) in base 13?
485679
Convert -163054 (base 7) to base 15.
-9871
Convert 156257 (base 8) to base 7.
323465
What is 2928a02 (base 11) in base 13?
1073246
What is 11110132 (base 5) in base 2?
10111110100000110
Convert -3164a (base 14) to base 12.
-59002
Convert 31308 (base 13) to base 10.
88395
Convert 25510314 (base 7) to base 15.
30cea0
Convert -362235 (base 10) to base 6.
-11433003
Convert 1011011110011111 (base 2) to base 9.
71430
Convert -5aa72 (base 13) to base 14.
-449b0
-124333324 (base 6) to base 16
-257254
66716 (base 15) to base 16
4f7dc
What is 848b68 (base 13) in base 15?
414b09
Convert 1376672 (base 8) to base 5.
100031014
987b4 (base 13) to base 4
1003113303
Convert 16a25 (base 16) to base 8.
265045
Convert 1511141 (base 6) to base 16.
15445
Convert 100100110011111001001 (base 2) to base 11.
754281
212420244 (base 5) to base 2
11011100110100000001
What is -220935 (base 11) in base 12?
-14bbbb
What is -29205 (base 12) in base 5?
-3313232
Convert -a3255 (base 16) to base 13.
-1a5216
What is -11100100110101011001 (base 2) in base 4?
-3210311121
Convert -636068 (base 10) to base 7.
-5256266
What is 83855a (base 11) in base 5?
320444044
-44302532 (base 6) to base 9
-2446772
214221 (base 7) to base 10
37500
Convert -63773 (base 13) to base 4.
-223300202
111000100001100000100 (base 2) to base 8
7041404
Convert -212330003133 (base 4) to base 3.
-201012120222220
692146 (base 10) to base 2
10101000111110110010
Convert -4242212 (base 5) to base 9.
-118137
What is -121120222021 (base 3) in base 5?
-40422242
What is -32565 (base 9) in base 5?
-1142410
10012001100100 (base 3) to base 11
a57575
Convert -111010010001111110110 (base 2) to base 9.
-3530614
Convert -974c78 (base 14) to base 16.
-4e2aca
3061446 (base 7) to base 4
1121310312
Convert -1033232223 (base 4) to base 10.
-326571
-1112010011211 (base 3) to base 13
-2244b5
410b (base 13) to base 4
2030020
-4053432 (base 7) to base 12
-1b4009
What is 9c107 (base 14) in base 8?
1343773
What is 103afa (base 16) in base 5?
233014144
What is 4010160 (base 7) in base 3?
220000221210
-295647 (base 10) to base 7
-2340642
ab1a4 (base 13) to base 11
1a1a71
Convert -202403 (base 7) to base 13.
-1291a
Convert 765237 (base 10) to base 16.
bad35
Convert 475767 (base 9) to base 6.
10045524
Convert 2555 (base 9) to base 12.
1135
What is 1000001000100101100 (base 2) in base 11?
17228a
Convert 1101102201211 (base 3) to base 7.
6156115
-445720 (base 8) to base 5
-14303410
What is -11110010001111110 (base 2) in base 9?
-208121
11fbd6 (base 16) to base 12
48a072
Convert -1bea61 (base 16) to base 3.
-10102221120021
Convert 34235212 (base 8) to base 2.
11100010011101010001010
What is 1204310 (base 5) in base 9?
33720
What is 1182c9 (base 13) in base 5?
101333213
What is -192248 (base 13) in base 4?
-2122210232
What is -5113512 (base 6) in base 15?
-4c0c8
Convert 1974 (base 11) to base 12.
1545
Convert -311233 (base 8) to base 15.
-20812
Convert -46435 (base 10) to base 7.
-252244
314305 (base 7) to base 5
3214341
What is 272074 (base 8) in base 5?
11022132
Convert -247e6b (base 15) to base 6.
-101245102
-1000101101101010101111 (base 2) to base 16
-22daaf
1030515 (base 8) to base 7
2223031
Convert 4ca6b (base 13) to base 9.
236277
Convert 12212102220 (base 3) to base 10.
115503
Convert 10220031011 (base 5) to base 12.
3703123
65234 (base 12) to base 3
20202222011
What is 11350132 (base 6) in base 7?
3013142
Convert 2e9a14 (base 15) to base 14.
42b94c
Convert 110010111100011101 (base 2) to base 8.
627435
-135